 - 4*x**2 - 3*x - 4. Suppose n + n = 8. Let l(i) = n*r(i) - 3*h(i). Let w = -6 - -3. Give l(w).
-4
Let k(j) = 2*j + 2 + 2*j + 0*j**3 + 3*j**3 + 4*j**2 - 2*j**3. Let w be k(-3). Let i(y) = 8*y + 6. Let t(x) = -x - 1. Let s(h) = -i(h) - 5*t(h). Give s(w).
2
Let j(u) = 75 - 75 + u + 3*u**2. Calculate j(1).
4
Suppose -5 = -0*g - 5*g - 5*o, 11 = g + 3*o. Let w(c) = -2*c - 2. Let q(j) = -j - 1. Let h(l) = g*w(l) + 7*q(l). What is h(2)?
3
Let l(c) be the second derivative of -5*c**3/6 + 4*c**2 + 41*c. Determine l(6).
-22
Let i(u) = 3*u**2 - 2*u - 2. Suppose 10 = -m + 12. What is i(m)?
6
Let k be 2/7 - 9/7. Let g(j) = 4*j**3 - 6*j**2 - 7*j - 1. Let d(b) = -b**2 - b. Let w(a) = 6*d(a) - g(a). What is w(k)?
4
Let v(o) be the third derivative of o**5/60 - o**4/24 - 3*o**3/2 - 3*o**2. Give v(0).
-9
Suppose -6*o + o + 42 = 4*n, 4*o - n = 21. Let w(s) = 0*s**2 + 3 - o*s - 4*s**2 + 3*s**2 + 2*s. What is w(-5)?
-2
Let q be 41/6 + (-5)/(-30). Let d(n) = 2*n - 3. Give d(q).
11
Suppose 0 = -s - s - 2*w + 6, -s + w = -3. Let p(i) = -2*i - 4 + s*i**2 + 0*i**2 - 2*i**2. Give p(3).
-1
Let t(r) = -5*r**2 - r - 1. Let d(n) = 9*n - 37. Let c be d(4). Determine t(c).
-5
Let a(t) = -9*t - 2. Let x be a(-1). Let p(v) = v**3 - 7*v**2 - 8. Determine p(x).
-8
Let n(a) = 0*a + 2*a + 3*a + a**3 - 1 - 5*a**2. Suppose -x - 65 = -4*y, -y + 15 = 4*x + 3. Suppose -g - i + 3 = -6, -g - y = -4*i. What is n(g)?
3
Let j(v) = v**2 - 8*v + 9. Let o be j(7). Let l = o + -1. Let k(s) = -s - s - l + s. What is k(-4)?
3
Let t(p) be the first derivative of -p**4/4 - 7*p**3/3 - 9*p**2/2 - 5*p - 16. What is t(-6)?
13
Let o(k) be the first derivative of -k**2/2 + k + 2. Let l(n) = -n**2 - 4*n + 7. Let q be 32/12*(-3)/(-2). Let d(t) = q*o(t) - l(t). What is d(-3)?
6
Let c(x) = -4*x. Suppose 2*r + 19 = 15. Determine c(r).
8
Let l(o) = -o + 7. Let u(p) = p - 9. Let q(m) = -4*l(m) - 3*u(m). What is q(-2)?
-3
Let v(f) = f**3 + f**2 - f + 1. Let o(m) = 5*m**3 - 6*m**2 + 5*m + 3. Let s(w) = o(w) - 4*v(w). Give s(9).
-1
Suppose -2*q - a - a - 4 = 0, -5*a = 4*q + 12. Suppose 0*k + q*k = 0. Suppose k*t + t + 4 = 0. Let f(l) = l**2 + 4*l - 3. Give f(t).
-3
Let h(d) be the third derivative of -1/2*d**3 + 0*d - 5/24*d**4 + 1/60*d**5 + 0 + 3*d**2. Give h(6).
3
Suppose 2*y = 3 + 1. Let c(b) = -3*b**3 + 2*b**2 - 4*b - 3 + y*b**3 + 2*b**3. Let k be ((-3)/2 + 2)*-6. What is c(k)?
0
Let p(h) = h**3 - 26*h**2 + 2*h - 50. Let c be p(26). Let n(a) be the third derivative of 1/2*a**3 + 0*a - 1/60*a**5 + 2*a**c + 0 + 1/8*a**4. What is n(3)?
3
Let g(h) = h**2 - 2*h - 2. Let y be (12/(-15))/(6/15). Let x be y/5 - (-220)/50. Calculate g(x).
6
Let z(q) be the third derivative of -q**4/24 + q**3/3 - 9*q**2. Determine z(6).
-4
Suppose 0 = 4*w - 8 - 4. Let n(q) = 6 + w*q + 8 - 10. Give n(-3).
-5
Let y be (1 + 0)/(-1*1/(-3)). Let t(g) = -g**2 - 5*g + 3. Give t(y).
-21
Let g be (2/(-2))/((-2)/4). Let k(t) = 2*t - 7*t - 1 + 0*t + g*t - 2*t**2. What is k(-3)?
-10
Let b(h) be the first derivative of -h**4/4 - 2*h**3 - 5*h**2/2 - 4*h + 14. Let c(k) = k**2 - 7*k + 5. Let n be c(5). Calculate b(n).
-4
Suppose 11 = 5*c - 4. Let v(k) be the first derivative of k**4/12 - 5*k**3/6 + 3*k**2/2 + 2*k - 2. Let q(g) be the first derivative of v(g). Give q(c).
-3
Let x(j) = 4*j + 1. Let r be (-2 - -3*2)/(-1). Let o(w) = -3*w. Let t(h) = r*x(h) - 5*o(h). What is t(-4)?
0
Let a be 11/(-2) - (-3)/6. Let l(i) be the first derivative of i**4/12 + i**3 + i**2 + 2*i + 1. Let v(f) be the first derivative of l(f). Calculate v(a).
-3
Let s(k) = -k**2 + 5*k + 3. Let u be s(6). Let r = u - -3. Let g(c) = c - 6. Calculate g(r).
-6
Let m = 33 - -17. Let x = -30 + m. Suppose 0 = 6*h - h + x. Let b(q) = q**3 + 3*q**2 - 2*q + 5. Calculate b(h).
-3
Let r(f) = 4*f**2 - 3 - f**2 + 3 + f + 3 + f**3. Suppose -c + 4 = 7. Calculate r(c).
0
Let y = -2 + 5. Suppose -y*c + 4 = -c. Let i(r) = -r**3 + 2*r - 1. What is i(c)?
-5
Let d(y) = 15*y - 22. Let s(c) = -7*c + 11. Let w(n) = 6*d(n) + 13*s(n). Calculate w(8).
3
Let p(k) be the first derivative of 6*k - 1/3*k**3 - 2*k**2 - 5. Suppose -v + 5 = 2*r, r + 7 = 4*v + 32. Give p(v).
1
Let f(x) = x + 4*x - 3*x + 1. Let h(g) = -g**2 - 6*g + 5. Let n be h(-6). Suppose 5*y - 4*u = -2*u - 7, -5*y - n*u - 35 = 0. Calculate f(y).
-5
Let a(b) = -4 - b**3 - 3*b**2 + 2 + 7*b - b**2 + 3. Calculate a(-5).
-9
Let d(h) be the third derivative of -1/2*h**3 + 0*h - 4*h**2 + 0 + 1/3*h**4. What is d(2)?
13
Let w be (1 - 1) + 40/4. Suppose -14 = 4*k + w. Let q(g) = 2*g + 8. Calculate q(k).
-4
Let i(p) = 3*p - 4*p - 1 + 3*p - 4. Let j(m) = m**2 - 4. Let q be j(3). Determine i(q).
5
Let s = 1 + -1. Let q(k) be the first derivative of -k + 1 - 1/3*k**3 - 1/2*k**2. Determine q(s).
-1
Let q = -12 - -6. Let l(x) = -x**3 - 5*x**2 + 8*x + 4. What is l(q)?
-8
Suppose 2*p - 22 = 13*p. Let x(v) = -4*v**2 - 4*v - 3. Calculate x(p).
-11
Let u(w) = -5*w**3 - 5*w**2 + 4*w + 2. Let r(n) = -11*n**3 - 11*n**2 + 9*n + 5. Let j(s) = -4*r(s) + 9*u(s). Calculate j(0).
-2
Let o be 14/((-8)/(4 + -8)). Suppose -o = 4*t - 3, v + t + 7 = 0. Let d(i) = -i**3 - 7*i**2 - 8*i - 3. What is d(v)?
9
Let n be (5/15)/((-2)/(-30)). Let o(d) = -2*d + 5. Determine o(n).
-5
Suppose -4*w + 33 = -5*y, 2*w = 5*w - 4*y - 26. Suppose -7*v + 3*v = 3*l - 16, -4*l - 8 = -w*v. Let d(r) = -v + 0 + 4*r - r - 2*r. Determine d(3).
-1
Let x(c) be the first derivative of -c**3/3 - 2*c**2 - 4*c + 2. Calculate x(-4).
-4
Let m(v) be the third derivative of -v**5/30 + v**4/24 + 24*v**2. Give m(-1).
-3
Let h(r) = r**3 + r**2 + 3*r + 1. Let l(w) = 7*w + 5. Let d(s) = -6*s - 4. Let j(b) = -6*d(b) - 5*l(b). Let t be j(-1). What is h(t)?
-9
Let a(p) = p**3 + 9*p**2 + 7*p - 3. Let k = -3 + -5. Calculate a(k).
5
Let l(x) = -x**3 + 4*x**2 + 4*x + 6. Suppose -4*k - 7 = 1. Let b be ((-5)/k)/(2/4). Give l(b).
1
Suppose -b + 6*b = 0. Suppose -s - 3 = -b*s. Let g(m) = m**3 + 5*m**2 + 4*m + 2. What is g(s)?
8
Let t(w) = -3*w**2 + 6*w - 2. Let d(n) = -5*n**2 + 6*n - 3. Let v(u) = -2*d(u) + 3*t(u). What is v(-5)?
-5
Let f(h) be the second derivative of -h**5/10 + h**4/12 - h**3/6 - h**2/2 + 4*h. Determine f(-1).
3
Let z(d) be the first derivative of d**4/12 + d**2 - 4. Let j(a) be the second derivative of z(a). Determine j(-1).
-2
Let u = -17 + 18. Let o(g) = -6*g**2 - 2*g + 1. Calculate o(u).
-7
Let x(m) be the first derivative of m**3/3 - 2*m**2 + 3*m - 8. Calculate x(5).
8
Let f(u) be the third derivative of u**5/60 - u**4/8 - u**3/6 + 20*u**2 + 2. What is f(3)?
-1
Let s(b) be the first derivative of b**3/6 + 2*b**2 - 4*b + 7. Let z(v) be the first derivative of s(v). What is z(-7)?
-3
Let u(t) be the third derivative of t**5/60 - t**3/3 + 3*t**2. Let m(v) = -v - 7. Let n = 4 - 11. Let p be m(n). What is u(p)?
-2
Let w(z) be the third derivative of -z**5/60 - 7*z**4/24 - 7*z**3/6 + 10*z**2. Give w(-6).
-1
Let l(m) = m**3 + 8*m**2 - m - 6. Suppose f - 3*q = -4*q - 13, 5*f + 15 = 5*q. Let y be l(f). Let b(s) = -s**3 - s**2 + 2. Calculate b(y).
-10
Let o(f) be the third derivative of -f**5/30 - f**4/8 - f**2. Let a be (0 - 1 - 0)*2. Give o(a).
-2
Let x(p) = -p**2 - 8*p - 5. Let v be x(-7). Let l(f) = 4 - 3 + v + 2*f. Calculate l(-4).
-5
Let x(j) = j**2 - 3*j - 6. Let v be x(5). Let n(f) = 2*f - f**2 - v*f - 1 - 3*f. What is n(-4)?
3
Let u = 4 - 4. Let p(y) = u - 4 + y + 2. Let t be p(4). Let c(o) = o**2 - 3*o + 2. Determine c(t).
0
Let d(q) be the first derivative of -q**3/3 + 4*q**2 - 6*q - 27. Give d(6).
6
Let q be -7*(1 - (-2 + 4)). Let j(t) = t - 1. Give j(q).
6
Let a(j) = -4*j + 7. Let h(p) = -5*p + 8. Let o(y) = -4*a(y) + 3*h(y). Determine o(9).
5
Let i(y) = -y**3 + y**2 + y - 1. Let g(k) = 4*k**3 - 9*k**2 - 8*k + 8. Let x(r) = g(r) + 3*i(r). Determine x(7).
19
Let b(i) = -2 - 3*i**3 + 7*i - 1 + 5*i**2 + 2*i**3. Calculate b(6).
3
Let v(h) = -2*h + 2. Let r(q) = -3*q - q - 1 + 6*q - q. Let w(n) = 5*r(n) + 4*v(n). Give w(4).
-9
Let c(o) = 7*o**2 + 0*o**3 - 3*o + 3*o**3 - 4*o + 3. Let g(b) = -b**3 - b**2 + b. Let r(q) = c(q) + 4*g(q). Give r(2).
1
Let n = -8 - -11. Let t(l) = l - 3. Determine t(n).
0
Let n(a) be the first derivative of a**3/3 + a**2/2 - a - 19. Suppose 5*u - 8 + 18 = 0. Calculate n(u).
1
Suppose -1 = -p, 4*c - 3*c - 9 = 5*p. Let m = c + -9. Let l(q) = -q + 2. What is l(m)?
-3
Let h(r) = r**2 